{"id":4763,"date":"2019-09-16T18:17:56","date_gmt":"2019-09-16T16:17:56","guid":{"rendered":"https:\/\/www.assicoop.it\/romagnafutura\/?page_id=4763"},"modified":"2024-02-21T11:11:48","modified_gmt":"2024-02-21T10:11:48","slug":"protezione","status":"publish","type":"page","link":"https:\/\/www.assicoop.it\/romagnafutura\/cosa-facciamo\/protezione\/","title":{"rendered":"Protezione"},"content":{"rendered":"\t\t<div data-elementor-type=\"wp-post\" data-elementor-id=\"4763\" class=\"elementor elementor-4763\" data-elementor-post-type=\"page\">\n\t\t\t\t\t\t<section class=\"elementor-section elementor-top-section elementor-element elementor-element-4b9eb9c elementor-section-full_width elementor-section-height-min-height elementor-section-stretched elementor-section-height-default elementor-section-items-middle\" data-id=\"4b9eb9c\" data-element_type=\"section\" data-settings=\"{&quot;background_background&quot;:&quot;classic&quot;,&quot;stretch_section&quot;:&quot;section-stretched&quot;}\">\n\t\t\t\t\t\t\t<div class=\"elementor-background-overlay\"><\/div>\n\t\t\t\t\t\t\t<div class=\"elementor-container elementor-column-gap-default\">\n\t\t\t\t\t<div class=\"elementor-column elementor-col-100 elementor-top-column elementor-element elementor-element-55d5dbb\" data-id=\"55d5dbb\" data-element_type=\"column\">\n\t\t\t<div class=\"elementor-widget-wrap elementor-element-populated\">\n\t\t\t\t\t\t<div class=\"elementor-element elementor-element-771548d elementor-widget elementor-widget-spacer\" data-id=\"771548d\" data-element_type=\"widget\" data-widget_type=\"spacer.default\">\n\t\t\t\t<div class=\"elementor-widget-container\">\n\t\t\t\t\t\t\t<div class=\"elementor-spacer\">\n\t\t\t<div class=\"elementor-spacer-inner\"><\/div>\n\t\t<\/div>\n\t\t\t\t\t\t<\/div>\n\t\t\t\t<\/div>\n\t\t\t\t<div class=\"elementor-element elementor-element-eed7899 elementor-invisible elementor-widget elementor-widget-heading\" data-id=\"eed7899\" data-element_type=\"widget\" data-settings=\"{&quot;_animation&quot;:&quot;fadeIn&quot;}\" data-widget_type=\"heading.default\">\n\t\t\t\t<div class=\"elementor-widget-container\">\n\t\t\t\t\t<h2 class=\"elementor-heading-title elementor-size-default\">Protezione<\/h2>\t\t\t\t<\/div>\n\t\t\t\t<\/div>\n\t\t\t\t<div class=\"elementor-element elementor-element-ce3af6a elementor-view-stacked elementor-shape-circle elementor-widget elementor-widget-icon\" data-id=\"ce3af6a\" data-element_type=\"widget\" data-widget_type=\"icon.default\">\n\t\t\t\t<div class=\"elementor-widget-container\">\n\t\t\t\t\t\t\t<div class=\"elementor-icon-wrapper\">\n\t\t\t<div class=\"elementor-icon elementor-animation-float\">\n\t\t\t<i aria-hidden=\"true\" class=\"fas fa-notes-medical\"><\/i>\t\t\t<\/div>\n\t\t<\/div>\n\t\t\t\t\t\t<\/div>\n\t\t\t\t<\/div>\n\t\t\t\t<div class=\"elementor-element elementor-element-f2ee1da elementor-widget elementor-widget-spacer\" data-id=\"f2ee1da\" data-element_type=\"widget\" data-widget_type=\"spacer.default\">\n\t\t\t\t<div class=\"elementor-widget-container\">\n\t\t\t\t\t\t\t<div class=\"elementor-spacer\">\n\t\t\t<div class=\"elementor-spacer-inner\"><\/div>\n\t\t<\/div>\n\t\t\t\t\t\t<\/div>\n\t\t\t\t<\/div>\n\t\t\t\t\t<\/div>\n\t\t<\/div>\n\t\t\t\t\t<\/div>\n\t\t<\/section>\n\t\t\t\t<section class=\"elementor-section elementor-top-section elementor-element elementor-element-cfe066c elementor-section-boxed elementor-section-height-default elementor-section-height-default\" data-id=\"cfe066c\" data-element_type=\"section\">\n\t\t\t\t\t\t<div class=\"elementor-container elementor-column-gap-default\">\n\t\t\t\t\t<div class=\"elementor-column elementor-col-100 elementor-top-column elementor-element elementor-element-2b5bccf\" data-id=\"2b5bccf\" data-element_type=\"column\">\n\t\t\t<div class=\"elementor-widget-wrap elementor-element-populated\">\n\t\t\t\t\t\t<div class=\"elementor-element elementor-element-977f24e elementor-align-left elementor-widget elementor-widget-breadcrumbs\" data-id=\"977f24e\" data-element_type=\"widget\" data-widget_type=\"breadcrumbs.default\">\n\t\t\t\t<div class=\"elementor-widget-container\">\n\t\t\t\t\t<span id=\"breadcrumbs\"><span><span><a href=\"https:\/\/www.assicoop.it\/romagnafutura\/\">Home<\/a><\/span><\/span><\/span>\t\t\t\t<\/div>\n\t\t\t\t<\/div>\n\t\t\t\t<div class=\"elementor-element elementor-element-d8f8dec elementor-hidden-tablet elementor-hidden-phone elementor-widget elementor-widget-spacer\" data-id=\"d8f8dec\" data-element_type=\"widget\" data-widget_type=\"spacer.default\">\n\t\t\t\t<div class=\"elementor-widget-container\">\n\t\t\t\t\t\t\t<div class=\"elementor-spacer\">\n\t\t\t<div class=\"elementor-spacer-inner\"><\/div>\n\t\t<\/div>\n\t\t\t\t\t\t<\/div>\n\t\t\t\t<\/div>\n\t\t\t\t\t<\/div>\n\t\t<\/div>\n\t\t\t\t\t<\/div>\n\t\t<\/section>\n\t\t\t\t<section class=\"elementor-section elementor-top-section elementor-element elementor-element-6e759fa elementor-section-boxed elementor-section-height-default elementor-section-height-default\" data-id=\"6e759fa\" data-element_type=\"section\">\n\t\t\t\t\t\t<div class=\"elementor-container elementor-column-gap-default\">\n\t\t\t\t\t<div class=\"elementor-column elementor-col-100 elementor-top-column elementor-element elementor-element-083c42a\" data-id=\"083c42a\" data-element_type=\"column\">\n\t\t\t<div class=\"elementor-widget-wrap elementor-element-populated\">\n\t\t\t\t\t\t<div class=\"elementor-element elementor-element-459b266 elementor-widget elementor-widget-menu-anchor\" data-id=\"459b266\" data-element_type=\"widget\" data-widget_type=\"menu-anchor.default\">\n\t\t\t\t<div class=\"elementor-widget-container\">\n\t\t\t\t\t\t\t<div class=\"elementor-menu-anchor\" id=\"protezione\"><\/div>\n\t\t\t\t\t\t<\/div>\n\t\t\t\t<\/div>\n\t\t\t\t<div class=\"elementor-element elementor-element-083cd2d elementor-widget elementor-widget-heading\" data-id=\"083cd2d\" data-element_type=\"widget\" data-widget_type=\"heading.default\">\n\t\t\t\t<div class=\"elementor-widget-container\">\n\t\t\t\t\t<p class=\"elementor-heading-title elementor-size-default\">Pensare a come <b>proteggersi<\/b> fa parte della storia dell\u2019uomo. <b>Un bisogno<\/b>, pi\u00f9 che mai <b>attuale<\/b>, che \u00e8 rimasto intatto dai tempi delle caverne.<\/p>\t\t\t\t<\/div>\n\t\t\t\t<\/div>\n\t\t\t\t<div class=\"elementor-element elementor-element-adc4cf5 elementor-widget elementor-widget-heading\" data-id=\"adc4cf5\" data-element_type=\"widget\" data-widget_type=\"heading.default\">\n\t\t\t\t<div class=\"elementor-widget-container\">\n\t\t\t\t\t<h5 class=\"elementor-heading-title elementor-size-default\">Provvedere al benessere e alla sicurezza della propria famiglia e dei propri cari<\/h5>\t\t\t\t<\/div>\n\t\t\t\t<\/div>\n\t\t\t\t<div class=\"elementor-element elementor-element-17f3616 elementor-widget elementor-widget-heading\" data-id=\"17f3616\" data-element_type=\"widget\" data-widget_type=\"heading.default\">\n\t\t\t\t<div class=\"elementor-widget-container\">\n\t\t\t\t\t<p class=\"elementor-heading-title elementor-size-default\">oggi \u00e8 pi\u00f9 facile grazie ad una serie di opportunit\u00e0 che rispondono in modo adeguato agli imprevisti:<br><br>polizze contro gli infortuni;<br>\npolizze che coprono spese mediche;<br>\npolizze vita per famiglie e aziende;<br>\nrendite in caso di perdita dell\u2019autosufficienza.<\/p>\t\t\t\t<\/div>\n\t\t\t\t<\/div>\n\t\t\t\t<div class=\"elementor-element elementor-element-8787e67 elementor-widget elementor-widget-heading\" data-id=\"8787e67\" data-element_type=\"widget\" data-widget_type=\"heading.default\">\n\t\t\t\t<div class=\"elementor-widget-container\">\n\t\t\t\t\t<p class=\"elementor-heading-title elementor-size-default\">Questi sono solo alcuni esempi di <b>assicurazioni sanitarie per privati e aziende<\/b> che quotidianamente stipuliamo.<br>Le <b>soluzioni<\/b> sono tante e diverse, ma <b>sempre sicure e adatte a te<\/b>.<\/p>\t\t\t\t<\/div>\n\t\t\t\t<\/div>\n\t\t\t\t\t<\/div>\n\t\t<\/div>\n\t\t\t\t\t<\/div>\n\t\t<\/section>\n\t\t\t\t<section class=\"elementor-section elementor-top-section elementor-element elementor-element-2da6b7e elementor-section-boxed elementor-section-height-default elementor-section-height-default\" data-id=\"2da6b7e\" data-element_type=\"section\">\n\t\t\t\t\t\t<div class=\"elementor-container elementor-column-gap-default\">\n\t\t\t\t\t<div class=\"elementor-column elementor-col-100 elementor-top-column elementor-element elementor-element-128e92c\" data-id=\"128e92c\" data-element_type=\"column\">\n\t\t\t<div class=\"elementor-widget-wrap elementor-element-populated\">\n\t\t\t\t\t\t<div class=\"elementor-element elementor-element-e742399 elementor-widget__width-auto elementor-widget elementor-widget-heading\" data-id=\"e742399\" data-element_type=\"widget\" data-widget_type=\"heading.default\">\n\t\t\t\t<div class=\"elementor-widget-container\">\n\t\t\t\t\t<h4 class=\"elementor-heading-title elementor-size-default\">Chiedi DI ESSERE CONTATTATO<\/h4>\t\t\t\t<\/div>\n\t\t\t\t<\/div>\n\t\t\t\t<div class=\"elementor-element elementor-element-f09be37 elementor-widget elementor-widget-shortcode\" data-id=\"f09be37\" data-element_type=\"widget\" data-widget_type=\"shortcode.default\">\n\t\t\t\t<div class=\"elementor-widget-container\">\n\t\t\t\t\t\t\t<div class=\"elementor-shortcode\"><div style=\"width: 100%;\" class=\"mop-richieste-form-container \" ><iframe class=\"iframe_mop\" id=\"iframe_mop\" src=\"https:\/\/www.assicoopromagnafutura.com\/moduli\/infortuni\/main.php?source=\/romagnafutura\/wp-json\/wp\/v2\/pages\/4763\" width=\"100%\" height=\"440px\" scrolling=\"yes\" frameborder=\"0\" style=\"padding:5px;\" allowfullscreen=\"\" frameborder=\"0\"><\/iframe><\/div>\n<\/div>\n\t\t\t\t\t\t<\/div>\n\t\t\t\t<\/div>\n\t\t\t\t\t<\/div>\n\t\t<\/div>\n\t\t\t\t\t<\/div>\n\t\t<\/section>\n\t\t\t\t<section class=\"elementor-section elementor-top-section elementor-element elementor-element-520b583 elementor-section-content-middle elementor-section-boxed elementor-section-height-default elementor-section-height-default\" data-id=\"520b583\" data-element_type=\"section\" data-settings=\"{&quot;background_background&quot;:&quot;classic&quot;}\">\n\t\t\t\t\t\t<div class=\"elementor-container elementor-column-gap-no\">\n\t\t\t\t\t<div class=\"elementor-column elementor-col-50 elementor-top-column elementor-element elementor-element-b9192f3\" data-id=\"b9192f3\" data-element_type=\"column\" data-settings=\"{&quot;background_background&quot;:&quot;classic&quot;}\">\n\t\t\t<div class=\"elementor-widget-wrap elementor-element-populated\">\n\t\t\t\t\t\t<div class=\"elementor-element elementor-element-31d7b9b elementor-widget elementor-widget-heading\" data-id=\"31d7b9b\" data-element_type=\"widget\" data-widget_type=\"heading.default\">\n\t\t\t\t<div class=\"elementor-widget-container\">\n\t\t\t\t\t<h3 class=\"elementor-heading-title elementor-size-large\"><a href=\"https:\/\/www.assicoop.it\/romagnafutura\/agenzie\/\">Trova l'agenzia pi\u00f9 vicina a te!<\/a><\/h3>\t\t\t\t<\/div>\n\t\t\t\t<\/div>\n\t\t\t\t<div class=\"elementor-element elementor-element-ca914e8 elementor-view-default elementor-widget elementor-widget-icon\" data-id=\"ca914e8\" data-element_type=\"widget\" data-widget_type=\"icon.default\">\n\t\t\t\t<div class=\"elementor-widget-container\">\n\t\t\t\t\t\t\t<div class=\"elementor-icon-wrapper\">\n\t\t\t<a class=\"elementor-icon elementor-animation-pulse\" href=\"https:\/\/www.assicoop.it\/romagnafutura\/agenzie\/\">\n\t\t\t<i aria-hidden=\"true\" class=\"fas fa-map-marker-alt\"><\/i>\t\t\t<\/a>\n\t\t<\/div>\n\t\t\t\t\t\t<\/div>\n\t\t\t\t<\/div>\n\t\t\t\t\t<\/div>\n\t\t<\/div>\n\t\t\t\t<div class=\"elementor-column elementor-col-50 elementor-top-column elementor-element elementor-element-e6c7ec3\" data-id=\"e6c7ec3\" data-element_type=\"column\">\n\t\t\t<div class=\"elementor-widget-wrap elementor-element-populated\">\n\t\t\t\t\t\t<div class=\"elementor-element elementor-element-6ada588 elementor-widget elementor-widget-image\" data-id=\"6ada588\" data-element_type=\"widget\" data-widget_type=\"image.default\">\n\t\t\t\t<div class=\"elementor-widget-container\">\n\t\t\t\t\t\t\t\t\t\t\t\t\t\t\t<img decoding=\"async\" src=\"https:\/\/www.assicoop.it\/romagnafutura\/wp-content\/uploads\/2019\/09\/protezione-jon-ly-XkuH0Ar5mhA-unsplash.jpg\" title=\"\" alt=\"\" loading=\"lazy\" \/>\t\t\t\t\t\t\t\t\t\t\t\t\t\t\t<\/div>\n\t\t\t\t<\/div>\n\t\t\t\t\t<\/div>\n\t\t<\/div>\n\t\t\t\t\t<\/div>\n\t\t<\/section>\n\t\t\t\t<\/div>\n\t\t","protected":false},"excerpt":{"rendered":"<p>Pensare a come proteggersi fa parte della storia dell\u2019uomo. Un bisogno, pi\u00f9 che mai attuale, che \u00e8 rimasto intatto dai tempi delle caverne. Provvedere al benessere e alla sicurezza della propria famiglia e dei propri cari oggi \u00e8 pi\u00f9 facile grazie ad una serie di opportunit\u00e0 che rispondono in modo adeguato agli imprevisti: polizze contro [&hellip;]<\/p>\n","protected":false},"author":2,"featured_media":0,"parent":4746,"menu_order":0,"comment_status":"closed","ping_status":"closed","template":"","meta":{"footnotes":""},"yoast_head":"<!-- This site is optimized with the Yoast SEO plugin v22.1 - https:\/\/yoast.com\/wordpress\/plugins\/seo\/ -->\n<title>Protezione - Assicoop Romagna Futura - Assicurazioni sanitarie<\/title>\n<meta name=\"description\" content=\"Proponiamo assicurazioni sanitarie per privati e aziende, sempre sicure e adatte a te. Contatta direttamente una nostra agenzia! Trova quella pi\u00f9 vicina!\" \/>\n<meta name=\"robots\" content=\"index, follow, max-snippet:-1, max-image-preview:large, max-video-preview:-1\" \/>\n<link rel=\"canonical\" href=\"https:\/\/www.assicoop.it\/romagnafutura\/cosa-facciamo\/protezione\/\" \/>\n<meta property=\"og:locale\" content=\"it_IT\" \/>\n<meta property=\"og:type\" content=\"article\" \/>\n<meta property=\"og:title\" content=\"Protezione - Assicoop Romagna Futura - Assicurazioni sanitarie\" \/>\n<meta property=\"og:description\" content=\"Proponiamo assicurazioni sanitarie per privati e aziende, sempre sicure e adatte a te. Contatta direttamente una nostra agenzia! Trova quella pi\u00f9 vicina!\" \/>\n<meta property=\"og:url\" content=\"https:\/\/www.assicoop.it\/romagnafutura\/cosa-facciamo\/protezione\/\" \/>\n<meta property=\"og:site_name\" content=\"Assicoop Romagna Futura\" \/>\n<meta property=\"article:publisher\" content=\"https:\/\/www.facebook.com\/AssicoopRomagnaFutura\/\" \/>\n<meta property=\"article:modified_time\" content=\"2024-02-21T10:11:48+00:00\" \/>\n<meta property=\"og:image\" content=\"https:\/\/www.assicoop.it\/romagnafutura\/wp-content\/uploads\/2019\/09\/protezione-jon-ly-XkuH0Ar5mhA-unsplash.jpg\" \/>\n<meta name=\"twitter:card\" content=\"summary_large_image\" \/>\n<meta name=\"twitter:label1\" content=\"Tempo di lettura stimato\" \/>\n\t<meta name=\"twitter:data1\" content=\"1 minuto\" \/>\n<script type=\"application\/ld+json\" class=\"yoast-schema-graph\">{\"@context\":\"https:\/\/schema.org\",\"@graph\":[{\"@type\":\"WebPage\",\"@id\":\"https:\/\/www.assicoop.it\/romagnafutura\/cosa-facciamo\/protezione\/\",\"url\":\"https:\/\/www.assicoop.it\/romagnafutura\/cosa-facciamo\/protezione\/\",\"name\":\"Protezione - Assicoop Romagna Futura - Assicurazioni sanitarie\",\"isPartOf\":{\"@id\":\"https:\/\/www.assicoop.it\/romagnafutura\/#website\"},\"datePublished\":\"2019-09-16T16:17:56+00:00\",\"dateModified\":\"2024-02-21T10:11:48+00:00\",\"description\":\"Proponiamo assicurazioni sanitarie per privati e aziende, sempre sicure e adatte a te. Contatta direttamente una nostra agenzia! Trova quella pi\u00f9 vicina!\",\"breadcrumb\":{\"@id\":\"https:\/\/www.assicoop.it\/romagnafutura\/cosa-facciamo\/protezione\/#breadcrumb\"},\"inLanguage\":\"it-IT\",\"potentialAction\":[{\"@type\":\"ReadAction\",\"target\":[\"https:\/\/www.assicoop.it\/romagnafutura\/cosa-facciamo\/protezione\/\"]}]},{\"@type\":\"BreadcrumbList\",\"@id\":\"https:\/\/www.assicoop.it\/romagnafutura\/cosa-facciamo\/protezione\/#breadcrumb\",\"itemListElement\":[{\"@type\":\"ListItem\",\"position\":1,\"name\":\"Home\",\"item\":\"https:\/\/www.assicoop.it\/romagnafutura\/\"},{\"@type\":\"ListItem\",\"position\":2,\"name\":\"Cosa Facciamo\",\"item\":\"https:\/\/www.assicoop.it\/romagnafutura\/cosa-facciamo\/\"},{\"@type\":\"ListItem\",\"position\":3,\"name\":\"Protezione\"}]},{\"@type\":\"WebSite\",\"@id\":\"https:\/\/www.assicoop.it\/romagnafutura\/#website\",\"url\":\"https:\/\/www.assicoop.it\/romagnafutura\/\",\"name\":\"Assicoop Romagna Futura\",\"description\":\"Vicina. Sicura. Tua.\",\"publisher\":{\"@id\":\"https:\/\/www.assicoop.it\/romagnafutura\/#organization\"},\"potentialAction\":[{\"@type\":\"SearchAction\",\"target\":{\"@type\":\"EntryPoint\",\"urlTemplate\":\"https:\/\/www.assicoop.it\/romagnafutura\/?s={search_term_string}\"},\"query-input\":\"required name=search_term_string\"}],\"inLanguage\":\"it-IT\"},{\"@type\":\"Organization\",\"@id\":\"https:\/\/www.assicoop.it\/romagnafutura\/#organization\",\"name\":\"Assicoop Romagna Futura\",\"url\":\"https:\/\/www.assicoop.it\/romagnafutura\/\",\"logo\":{\"@type\":\"ImageObject\",\"inLanguage\":\"it-IT\",\"@id\":\"https:\/\/www.assicoop.it\/romagnafutura\/#\/schema\/logo\/image\/\",\"url\":\"https:\/\/www.assicoop.it\/romagnafutura\/wp-content\/uploads\/2021\/11\/Assicoop-Romagna-Futura-COLORE.svg\",\"contentUrl\":\"https:\/\/www.assicoop.it\/romagnafutura\/wp-content\/uploads\/2021\/11\/Assicoop-Romagna-Futura-COLORE.svg\",\"width\":209,\"height\":44,\"caption\":\"Assicoop Romagna Futura\"},\"image\":{\"@id\":\"https:\/\/www.assicoop.it\/romagnafutura\/#\/schema\/logo\/image\/\"},\"sameAs\":[\"https:\/\/www.facebook.com\/AssicoopRomagnaFutura\/\",\"https:\/\/www.instagram.com\/assicoopromagnafuturaunipolsai\/\"]}]}<\/script>\n<!-- \/ Yoast SEO plugin. -->","yoast_head_json":{"title":"Protezione - Assicoop Romagna Futura - Assicurazioni sanitarie","description":"Proponiamo assicurazioni sanitarie per privati e aziende, sempre sicure e adatte a te. Contatta direttamente una nostra agenzia! Trova quella pi\u00f9 vicina!","robots":{"index":"index","follow":"follow","max-snippet":"max-snippet:-1","max-image-preview":"max-image-preview:large","max-video-preview":"max-video-preview:-1"},"canonical":"https:\/\/www.assicoop.it\/romagnafutura\/cosa-facciamo\/protezione\/","og_locale":"it_IT","og_type":"article","og_title":"Protezione - Assicoop Romagna Futura - Assicurazioni sanitarie","og_description":"Proponiamo assicurazioni sanitarie per privati e aziende, sempre sicure e adatte a te. Contatta direttamente una nostra agenzia! Trova quella pi\u00f9 vicina!","og_url":"https:\/\/www.assicoop.it\/romagnafutura\/cosa-facciamo\/protezione\/","og_site_name":"Assicoop Romagna Futura","article_publisher":"https:\/\/www.facebook.com\/AssicoopRomagnaFutura\/","article_modified_time":"2024-02-21T10:11:48+00:00","og_image":[{"url":"https:\/\/www.assicoop.it\/romagnafutura\/wp-content\/uploads\/2019\/09\/protezione-jon-ly-XkuH0Ar5mhA-unsplash.jpg"}],"twitter_card":"summary_large_image","twitter_misc":{"Tempo di lettura stimato":"1 minuto"},"schema":{"@context":"https:\/\/schema.org","@graph":[{"@type":"WebPage","@id":"https:\/\/www.assicoop.it\/romagnafutura\/cosa-facciamo\/protezione\/","url":"https:\/\/www.assicoop.it\/romagnafutura\/cosa-facciamo\/protezione\/","name":"Protezione - Assicoop Romagna Futura - Assicurazioni sanitarie","isPartOf":{"@id":"https:\/\/www.assicoop.it\/romagnafutura\/#website"},"datePublished":"2019-09-16T16:17:56+00:00","dateModified":"2024-02-21T10:11:48+00:00","description":"Proponiamo assicurazioni sanitarie per privati e aziende, sempre sicure e adatte a te. Contatta direttamente una nostra agenzia! Trova quella pi\u00f9 vicina!","breadcrumb":{"@id":"https:\/\/www.assicoop.it\/romagnafutura\/cosa-facciamo\/protezione\/#breadcrumb"},"inLanguage":"it-IT","potentialAction":[{"@type":"ReadAction","target":["https:\/\/www.assicoop.it\/romagnafutura\/cosa-facciamo\/protezione\/"]}]},{"@type":"BreadcrumbList","@id":"https:\/\/www.assicoop.it\/romagnafutura\/cosa-facciamo\/protezione\/#breadcrumb","itemListElement":[{"@type":"ListItem","position":1,"name":"Home","item":"https:\/\/www.assicoop.it\/romagnafutura\/"},{"@type":"ListItem","position":2,"name":"Cosa Facciamo","item":"https:\/\/www.assicoop.it\/romagnafutura\/cosa-facciamo\/"},{"@type":"ListItem","position":3,"name":"Protezione"}]},{"@type":"WebSite","@id":"https:\/\/www.assicoop.it\/romagnafutura\/#website","url":"https:\/\/www.assicoop.it\/romagnafutura\/","name":"Assicoop Romagna Futura","description":"Vicina. Sicura. Tua.","publisher":{"@id":"https:\/\/www.assicoop.it\/romagnafutura\/#organization"},"potentialAction":[{"@type":"SearchAction","target":{"@type":"EntryPoint","urlTemplate":"https:\/\/www.assicoop.it\/romagnafutura\/?s={search_term_string}"},"query-input":"required name=search_term_string"}],"inLanguage":"it-IT"},{"@type":"Organization","@id":"https:\/\/www.assicoop.it\/romagnafutura\/#organization","name":"Assicoop Romagna Futura","url":"https:\/\/www.assicoop.it\/romagnafutura\/","logo":{"@type":"ImageObject","inLanguage":"it-IT","@id":"https:\/\/www.assicoop.it\/romagnafutura\/#\/schema\/logo\/image\/","url":"https:\/\/www.assicoop.it\/romagnafutura\/wp-content\/uploads\/2021\/11\/Assicoop-Romagna-Futura-COLORE.svg","contentUrl":"https:\/\/www.assicoop.it\/romagnafutura\/wp-content\/uploads\/2021\/11\/Assicoop-Romagna-Futura-COLORE.svg","width":209,"height":44,"caption":"Assicoop Romagna Futura"},"image":{"@id":"https:\/\/www.assicoop.it\/romagnafutura\/#\/schema\/logo\/image\/"},"sameAs":["https:\/\/www.facebook.com\/AssicoopRomagnaFutura\/","https:\/\/www.instagram.com\/assicoopromagnafuturaunipolsai\/"]}]}},"_links":{"self":[{"href":"https:\/\/www.assicoop.it\/romagnafutura\/wp-json\/wp\/v2\/pages\/4763"}],"collection":[{"href":"https:\/\/www.assicoop.it\/romagnafutura\/wp-json\/wp\/v2\/pages"}],"about":[{"href":"https:\/\/www.assicoop.it\/romagnafutura\/wp-json\/wp\/v2\/types\/page"}],"author":[{"embeddable":true,"href":"https:\/\/www.assicoop.it\/romagnafutura\/wp-json\/wp\/v2\/users\/2"}],"replies":[{"embeddable":true,"href":"https:\/\/www.assicoop.it\/romagnafutura\/wp-json\/wp\/v2\/comments?post=4763"}],"version-history":[{"count":31,"href":"https:\/\/www.assicoop.it\/romagnafutura\/wp-json\/wp\/v2\/pages\/4763\/revisions"}],"predecessor-version":[{"id":9149,"href":"https:\/\/www.assicoop.it\/romagnafutura\/wp-json\/wp\/v2\/pages\/4763\/revisions\/9149"}],"up":[{"embeddable":true,"href":"https:\/\/www.assicoop.it\/romagnafutura\/wp-json\/wp\/v2\/pages\/4746"}],"wp:attachment":[{"href":"https:\/\/www.assicoop.it\/romagnafutura\/wp-json\/wp\/v2\/media?parent=4763"}],"curies":[{"name":"wp","href":"https:\/\/api.w.org\/{rel}","templated":true}]}}